{"id":471,"date":"2019-06-26T19:30:07","date_gmt":"2019-06-26T19:30:07","guid":{"rendered":"https:\/\/2019.lodz.wordcamp.org\/?page_id=471"},"modified":"2019-10-20T22:02:14","modified_gmt":"2019-10-20T22:02:14","slug":"poprowadz-warsztaty-na-wordcamp-lodz-2019","status":"publish","type":"page","link":"https:\/\/lodz.wordcamp.org\/2019\/poprowadz-warsztaty-na-wordcamp-lodz-2019\/","title":{"rendered":"Poprowad\u017a warsztaty na WordCamp \u0141\u00f3d\u017a 2019"},"content":{"rendered":"\n<figure class=\"wp-block-image\"><img loading=\"lazy\" decoding=\"async\" width=\"800\" height=\"400\" src=\"https:\/\/2019.lodz.wordcamp.org\/files\/2019\/06\/poprowadz-warsztaty.jpg\" alt=\"\" class=\"wp-image-495\" srcset=\"https:\/\/lodz.wordcamp.org\/2019\/files\/2019\/06\/poprowadz-warsztaty.jpg 800w, https:\/\/lodz.wordcamp.org\/2019\/files\/2019\/06\/poprowadz-warsztaty-300x150.jpg 300w, https:\/\/lodz.wordcamp.org\/2019\/files\/2019\/06\/poprowadz-warsztaty-768x384.jpg 768w, https:\/\/lodz.wordcamp.org\/2019\/files\/2019\/06\/poprowadz-warsztaty-500x250.jpg 500w\" sizes=\"auto, (max-width: 800px) 100vw, 800px\" \/><\/figure>\n\n\n\n<h2 class=\"wp-block-heading\">Termin zg\u0142osze\u0144 min\u0105\u0142 20 pa\u017adziernika<\/h2>\n\n\n\n<p>Je\u017celi jeste\u015b zainteresowany wyst\u0105pieniem przed szersz\u0105 publiczno\u015bci\u0105 i chcesz podzieli\u0107 si\u0119 swoj\u0105 wiedz\u0105 z dziedziny WordPressa lub tematyki oko\u0142owordpressowej to masz teraz wyj\u0105tkow\u0105 okazj\u0119 zg\u0142osi\u0107 si\u0119 do nas z w\u0142asn\u0105 prezentacj\u0105.<\/p>\n\n\n\n<p>Uczestnictwo w <strong>WordCamp \u0141\u00f3d\u017a 2019<\/strong> to \u015bwietna okazja na poszerzenie swojej wiedzy i umiej\u0119tno\u015bci, r\u00f3wnie\u017c jako m\u00f3wca i mentor. Zach\u0119camy Ci\u0119 ogromnie do przes\u0142ania swojego zg\u0142oszenia. <\/p>\n\n\n\n<p>Przed wys\u0142aniem zg\u0142oszenia zapoznaj si\u0119 z poni\u017cszym poradnikiem:<\/p>\n\n\n\n<h2 class=\"wp-block-heading\"><strong>WordCamp dla Prowadz\u0105cego Warsztaty:<\/strong><\/h2>\n\n\n\n<ol class=\"wp-block-list\"><li>Jako prowadz\u0105cy warsztaty otrzymasz darmowy bilet,<\/li><li>Ka\u017cdy zatwierdzony przez nas prowadz\u0105cy otrzyma specjalny wpis na blogu oraz w mediach spo\u0142eczno\u015bciowych o swoim nadchodz\u0105cym wyst\u0105pieniu,<\/li><li>Ka\u017cdy prowadz\u0105cy otrzyma najpotrzebniejsze wsparcie, zar\u00f3wno podczas warsztat\u00f3w jak i przed &#8211; zapoznamy si\u0119 z Twoimi warsztatami i podpowiemy jak lepiej j\u0105 przygotowa\u0107 pod k\u0105tem wyst\u0105pienia na WordCampie,<\/li><li>Rola prowadz\u0105cego to \u015bwietna okazja do pokazania swoich umiej\u0119tno\u015bci i sprawdzenie si\u0119 przed szersz\u0105 publiczno\u015bci\u0105,<\/li><li>Ka\u017cdy prowadzcy otrzyma specjaln\u0105 odznak\u0119 na wordpress.org.<\/li><\/ol>\n\n\n\n<h2 class=\"wp-block-heading\"><strong>Terminy:<\/strong><\/h2>\n\n\n\n<p>Formularz zg\u0142oszeniowy jest otwarty <strong>do 20 pa\u017adziernika<\/strong>. W tym czasie mo\u017cecie podsy\u0142a\u0107 swoje propozycje warsztat\u00f3w. Jedna osoba mo\u017ce zg\u0142osi\u0107 ich kilka.<br><br>Do <strong>7 listopada<\/strong> ka\u017cdy prowadz\u0105cy musi dostarczy\u0107 nam gotow\u0105 prezentacj\u0119, \u017ceby\u015bmy mogli dokona\u0107 sprawdzenia pod wzgl\u0119dem technicznym oraz merytorycznym.<\/p>\n\n\n\n<h2 class=\"wp-block-heading\"><strong>Tematyka:<\/strong><\/h2>\n\n\n\n<p>WordPress jest dla nas najwa\u017cniejszy. Ale oczywi\u015bcie dooko\u0142a WordPressa funkcjonuje szereg r\u00f3\u017cnych dziedzin. Interesuj\u0105 nas warsztaty zar\u00f3wno techniczne jak i te zwi\u0105zane z e-marketingiem, SEO, blogowaniem, tworzeniem i analizowaniem contentu. Ka\u017cda tematyka, kt\u00f3ra wi\u0105\u017ce si\u0119 bezpo\u015brednio lub po\u015brednio ze \u015brodowiskiem WordPressa b\u0119dzie mile widziana. <\/p>\n\n\n\n<h2 class=\"wp-block-heading\"><strong>Jakie kryteria musz\u0105 spe\u0142ni\u0107 warsztaty:<\/strong><\/h2>\n\n\n\n<ol class=\"wp-block-list\"><li>Pami\u0119taj aby temat Twoich warsztat\u00f3w by\u0142 ciekawy i unikalny. <\/li><li>Prezentacje dla warsztat\u00f3w kieruj\u0105 si\u0119 nieco innymi prawami: zaplanuj maksymalnie 90 min przem\u00f3wienie uwzgl\u0119dniaj\u0105c prezentacje narz\u0119dzi, pytania oraz nieplanowane punkty rozpraszaj\u0105ce. Ca\u0142kowita d\u0142ugo\u015b\u0107 pojedynczych warsztat\u00f3w to <strong>90 minut<\/strong>.<\/li><li>Pami\u0119taj aby materia\u0142y dla uczestnik\u00f3w warsztat\u00f3w przygotowa\u0107 z wyprzedzeniem. Minimum tydzie\u0144 przed wydarzeniem musimy powiadomi\u0107 wszystkich zapisanych uczestnik\u00f3w o konieczno\u015bci pobrania okre\u015blonego oprogramowania (Twoje zg\u0142oszenie powinno zawiera\u0107 wst\u0119pn\u0105 list\u0119 wytycznych &#8211; szczeg\u00f3\u0142y b\u0119d\u0105 okre\u015blane po zatwierdzeniu Twojego warsztatu),<\/li><li>Liczba warsztat\u00f3w jest ograniczona &#8211; mamy 6 miejsc,<\/li><\/ol>\n\n\n\n<h2 class=\"wp-block-heading\"><strong>Co oznacza zostanie Prowadz\u0105cym Warsztaty:<\/strong><\/h2>\n\n\n\n<ol class=\"wp-block-list\"><li>Pami\u0119taj, \u017ce WordCampy to wydarzenia non-profit, czyli organizowane s\u0105 przez wolontariuszy. Wolontariuszem jest r\u00f3wnie\u017c Prelegent. <br>Ale nie zostawimy Ci\u0119 z pustymi r\u0119kami. Przygotowali\u015bmy kilka niespodzianek i specjalnych upomink\u00f3w, kt\u00f3re uwieczni\u0105 Tw\u00f3j udzia\u0142 na scenie WordCampa,<\/li><li>Warsztaty bran\u017cowe lub sprzeda\u017cowe nie b\u0119d\u0105 przez nas odrzucane, ale pami\u0119taj, \u017ce planuj\u0105c swoj\u0105 prezentacj\u0119 poka\u017c przede wszystkim siebie i swoje umiej\u0119tno\u015bci bez zbyt mocnego nacisku na konkretn\u0105 mark\u0119,<\/li><li>Pami\u0119taj, \u017ce rozwi\u0105zania lub firmy, kt\u00f3re nie respektuj\u0105 licencji WordPressa czyli GPL nie b\u0119d\u0105 promowane na WordCampie, w \u017cadnej postaci,<\/li><li>Ka\u017cda prezentacja musi zosta\u0107 przez nas zweryfikowana pod wzgl\u0119dem merytorycznym i technicznym. Chcemy unikn\u0105\u0107 niepotrzebnych niedom\u00f3wie\u0144, kontrowersyjnych informacji lub problem\u00f3w technicznych podczas trwania prezentacji podczas WordCampa. Nades\u0142anie prezentacji przed wydarzeniem jest bezwzgl\u0119dnie wymagane. Prelegenci, kt\u00f3rzy nie pode\u015bl\u0105 w okre\u015blonym terminie swoich prac musz\u0105 liczy\u0107 si\u0119 z odrzuceniem ich osoby z listy prelegent\u00f3w.<\/li><\/ol>\n\n\n\n<h2 class=\"wp-block-heading\"><strong>Dobre praktyki przygotowania warszat\u00f3w:<\/strong><\/h2>\n\n\n\n<ol class=\"wp-block-list\"><li>Dobra prezentacja to taka, kt\u00f3ra przykuje oko widowni. Staraj si\u0119 u\u017cywa\u0107 ciekawych ilustracji, adekwatnych screen\u00f3w,<\/li><li>Unikaj slajd\u00f3w wypchanych tekstem! Nie robi\u0105 dobrego wra\u017cenia wyst\u0105pienia, podczas kt\u00f3rych prelegent m\u00f3wi dok\u0142adnie to co jest napisane na slajdzie,<\/li><li>Pami\u0119taj o sp\u00f3jno\u015bci i nie odbieganiu od tematyki warsztat\u00f3w. Warto stosowa\u0107 metod\u0119 \u201cod og\u00f3\u0142u do szczeg\u00f3\u0142u\u201d.<\/li><\/ol>\n\n\n\n<p>Postaraj si\u0119 unika\u0107 zbyt du\u017cej ilo\u015bci mem\u00f3w lub \u015bmiesznego contentu aby nikogo nie urazi\u0107. Zapoznaj si\u0119 koniecznie z <strong><a rel=\"noreferrer noopener\" aria-label=\"Zasadami Post\u0119powania (opens in a new tab)\" href=\"https:\/\/2019.lodz.wordcamp.org\/zasady-postepowania\/\" target=\"_blank\">Zasadami Post\u0119powania<\/a><\/strong>.<\/p>\n\n\n\n<p> Je\u017celi mieliby\u015bcie jakiekolwiek pytania dotycz\u0105ce uczestnictwa jako Prelegent, przygotowania prezentacji lub warsztat\u00f3w, piszcie \u015bmia\u0142o na adres <strong><a href=\"mailto:info@wclodz.pl\">info@wclodz.pl<\/a><\/strong> lub we\u017acie udzia\u0142 w dyskusji poni\u017cej. Odpowiemy i pomo\u017cemy! <\/p>\n\n\n\n<p>\n\nJe\u017celi Twoje zg\u0142oszenie na prelegenta lub prowadz\u0105cego warsztaty nie zostanie przez nas rozpatrzone pozytywnie &#8211; b\u0119dziesz m\u00f3g\u0142 kupi\u0107 bilet jako uczestnik. Je\u017celi oka\u017ce si\u0119, \u017ce ca\u0142\u0105 pula bilet\u00f3w zostanie sprzedana &#8211; b\u0119dzie na Ciebie czeka\u0142 bilet rezerwowy. Pami\u0119taj aby zg\u0142osi\u0107 si\u0119 po niego gdy otrzymasz informacje w sprawie swojego wyst\u0105pienia.\n\n<\/p>\n\n\n\n<p>A mo\u017ce wola\u0142by\u015b poprowadzi\u0107 prezentacj\u0119? Je\u017celi tak to zajrzyj <a href=\"https:\/\/2019.lodz.wordcamp.org\/zostan-prelegentem-na-wordcamp-lodz-2019\/\">tutaj<\/a>.<\/p>\n","protected":false},"excerpt":{"rendered":"<p>Termin zg\u0142osze\u0144 min\u0105\u0142 20 pa\u017adziernika Je\u017celi jeste\u015b zainteresowany wyst\u0105pieniem przed szersz\u0105 publiczno\u015bci\u0105 i chcesz podzieli\u0107 si\u0119 swoj\u0105 wiedz\u0105 z dziedziny WordPressa lub tematyki oko\u0142owordpressowej to masz teraz wyj\u0105tkow\u0105 okazj\u0119 zg\u0142osi\u0107 si\u0119 do nas z w\u0142asn\u0105 prezentacj\u0105. Uczestnictwo w WordCamp \u0141\u00f3d\u017a 2019 to \u015bwietna okazja na poszerzenie swojej wiedzy i umiej\u0119tno\u015bci, r\u00f3wnie\u017c jako m\u00f3wca i mentor. &hellip; <a href=\"https:\/\/lodz.wordcamp.org\/2019\/poprowadz-warsztaty-na-wordcamp-lodz-2019\/\" class=\"more-link\">Czytaj dalej<span class=\"screen-reader-text\"> \u201ePoprowad\u017a warsztaty na WordCamp \u0141\u00f3d\u017a 2019\u201d<\/span><\/a><\/p>\n","protected":false},"author":13842562,"featured_media":0,"parent":0,"menu_order":0,"comment_status":"open","ping_status":"closed","template":"","meta":{"jetpack_post_was_ever_published":false,"footnotes":""},"class_list":["post-471","page","type-page","status-publish","hentry"],"jetpack_sharing_enabled":true,"jetpack_shortlink":"https:\/\/wp.me\/PaUnkX-7B","_links":{"self":[{"href":"https:\/\/lodz.wordcamp.org\/2019\/wp-json\/wp\/v2\/pages\/471","targetHints":{"allow":["GET"]}}],"collection":[{"href":"https:\/\/lodz.wordcamp.org\/2019\/wp-json\/wp\/v2\/pages"}],"about":[{"href":"https:\/\/lodz.wordcamp.org\/2019\/wp-json\/wp\/v2\/types\/page"}],"author":[{"embeddable":true,"href":"https:\/\/lodz.wordcamp.org\/2019\/wp-json\/wp\/v2\/users\/13842562"}],"replies":[{"embeddable":true,"href":"https:\/\/lodz.wordcamp.org\/2019\/wp-json\/wp\/v2\/comments?post=471"}],"version-history":[{"count":8,"href":"https:\/\/lodz.wordcamp.org\/2019\/wp-json\/wp\/v2\/pages\/471\/revisions"}],"predecessor-version":[{"id":1748,"href":"https:\/\/lodz.wordcamp.org\/2019\/wp-json\/wp\/v2\/pages\/471\/revisions\/1748"}],"wp:attachment":[{"href":"https:\/\/lodz.wordcamp.org\/2019\/wp-json\/wp\/v2\/media?parent=471"}],"curies":[{"name":"wp","href":"https:\/\/api.w.org\/{rel}","templated":true}]}}