{"id":437,"date":"2019-06-25T11:35:09","date_gmt":"2019-06-25T11:35:09","guid":{"rendered":"https:\/\/2019.lodz.wordcamp.org\/?page_id=437"},"modified":"2019-06-27T09:02:10","modified_gmt":"2019-06-27T09:02:10","slug":"zostan-patronem-wordcamp-lodz-2019","status":"publish","type":"page","link":"https:\/\/lodz.wordcamp.org\/2019\/zostan-patronem-wordcamp-lodz-2019\/","title":{"rendered":"Zosta\u0144 patronem WordCamp \u0141\u00f3d\u017a 2019"},"content":{"rendered":"\n<figure class=\"wp-block-image\"><img loading=\"lazy\" decoding=\"async\" width=\"800\" height=\"400\" src=\"https:\/\/2019.lodz.wordcamp.org\/files\/2019\/06\/zostan-patronem-medialnym.png\" alt=\"\" class=\"wp-image-442\" srcset=\"https:\/\/lodz.wordcamp.org\/2019\/files\/2019\/06\/zostan-patronem-medialnym.png 800w, https:\/\/lodz.wordcamp.org\/2019\/files\/2019\/06\/zostan-patronem-medialnym-300x150.png 300w, https:\/\/lodz.wordcamp.org\/2019\/files\/2019\/06\/zostan-patronem-medialnym-768x384.png 768w, https:\/\/lodz.wordcamp.org\/2019\/files\/2019\/06\/zostan-patronem-medialnym-500x250.png 500w\" sizes=\"auto, (max-width: 800px) 100vw, 800px\" \/><\/figure>\n\n\n\n<p>Zale\u017cy nam na kompleksowym dotarciu do wielu potencjalnych uczestnik\u00f3w WordCampa, dlatego og\u0142aszamy nab\u00f3r na patron\u00f3w tegorocznego eventu. <\/p>\n\n\n\n<p>Je\u017celi prowadzisz ciekawy blog, serwis informacyjny lub podcast zg\u0142o\u015b si\u0119 do nas!  Ch\u0119tnie nawi\u0105\u017cemy z Tob\u0105 wsp\u00f3\u0142prac\u0119 w postaci <strong>patronatu medialnego<\/strong>! <\/p>\n\n\n\n<p>Informuj o naszej konferencji na bie\u017c\u0105co w swoim serwisie a w zamian zagwarantujemy Ci:<\/p>\n\n\n\n<ul class=\"wp-block-list\"><li>link na tej oto stronie<\/li><li>logo do Twojego serwisu umieszczone na stronie <a href=\"https:\/\/2019.lodz.wordcamp.org\/sponsorzy\/\">Sponsor\u00f3w<\/a><\/li><\/ul>\n\n\n\n<p>W zale\u017cno\u015bci od ilo\u015bci zaprezentowanych przez Ciebie materia\u0142\u00f3w o WordCamp \u0141\u00f3d\u017a 2019 jeste\u015bmy w stanie zaproponowa\u0107 tak\u017ce <strong>dodatkowe profity<\/strong> &#8211; uzgodnienia b\u0119dziemy prowadzili indywidualnie.<\/p>\n\n\n\n<h2 class=\"wp-block-heading\">Zg\u0142o\u015b si\u0119!<\/h2>\n\n\n<div data-test='contact-form'\n\t\t\tid='contact-form-437'\n\t\t\tclass='wp-block-jetpack-contact-form-container '\n\t\t\tdata-wp-interactive='jetpack\/form' data-wp-context='{\"formId\":\"437\",\"formHash\":\"55927eb55624d254f7b9f44638fe71e94addd697\",\"showErrors\":false,\"errors\":[],\"fields\":[],\"isMultiStep\":false,\"useAjax\":true,\"submissionData\":null,\"formattedSubmissionData\":[],\"submissionSuccess\":false,\"submissionError\":null,\"elementId\":\"jp-form-55927eb55624d254f7b9f44638fe71e94addd697\",\"isSingleInputForm\":false}'\n\t\t\tdata-wp-watch--scroll-to-wrapper=\"callbacks.scrollToWrapper\"\n\t\t>\n<div class=\"contact-form-submission contact-form-ajax-submission\" data-wp-bind--aria-hidden=\"state.isSuccessMessageAriaHidden\" data-wp-class--submission-success=\"context.submissionSuccess\" id=\"contact-form-success-55927eb55624d254f7b9f44638fe71e94addd697\" tabindex=\"-1\" aria-labelledby=\"contact-form-success-header-55927eb55624d254f7b9f44638fe71e94addd697\"><p class=\"go-back-message\"><a class=\"link\" role=\"button\" tabindex=\"0\" data-wp-on--click=\"actions.goBack\" href=\"\/2019\/wp-json\/wp\/v2\/pages\/437\">\u2190 Back<\/a><\/p><h4 data-wp-bind--aria-hidden=\"state.isSuccessMessageAriaHidden\" id=\"contact-form-success-header-55927eb55624d254f7b9f44638fe71e94addd697\">Your message has been sent<\/h4>\n\n<template data-wp-each--submission=\"context.formattedSubmissionData\">\n\t\t\t\t\t<div class=\"jetpack_forms_contact-form-success-summary\">\n\t\t\t\t\t\t<div class=\"field-name\" data-wp-text=\"context.submission.label\" data-wp-bind--hidden=\"!context.submission.label\"><\/div>\n\t\t\t\t\t\t<div class=\"field-value\" data-wp-text=\"context.submission.value\" data-wp-bind--hidden=\"!context.submission.showPlainValue\"><\/div>\n\t\t\t\t\t\t<a class=\"field-url\" data-wp-bind--href=\"context.submission.url\" data-wp-text=\"context.submission.value\" data-wp-bind--hidden=\"!context.submission.url\" target=\"_blank\" rel=\"noopener noreferrer\"><\/a>\n\t\t\t\t\t\t<div class=\"field-rating\" data-wp-bind--hidden=\"!context.submission.rating\" data-wp-watch=\"callbacks.watchRatingIcons\"><\/div>\n\t\t\t\t\t\t<div class=\"field-images\" data-wp-bind--hidden=\"!context.submission.images\">\n\t\t\t\t\t\t\t<template data-wp-each--image=\"context.submission.images\">\n\t\t\t\t\t\t\t\t<div class=\"field-image-option\" data-wp-class--is-empty=\"!context.image.src\">\n\t\t\t\t\t\t\t\t\t<figure class=\"field-image-option__image\" data-wp-class--is-empty=\"!context.image.src\">\n\t\t\t\t\t\t\t\t\t\t<img data-wp-bind--src=\"context.image.src\" data-wp-bind--hidden=\"!context.image.src\" \/>\n\t\t\t\t\t\t\t\t\t\t<img decoding=\"async\" src=\"data:image\/gif;base64,R0lGODlhAQABAAD\/ACwAAAAAAQABAAACADs=\" data-wp-bind--hidden=\"context.image.src\" \/>\n\t\t\t\t\t\t\t\t\t<\/figure>\n\t\t\t\t\t\t\t\t\t<div class=\"field-image-option__label-wrapper\">\n\t\t\t\t\t\t\t\t\t\t<span class=\"field-image-option__label-code\" data-wp-text=\"context.image.letterCode\"><\/span>\n\t\t\t\t\t\t\t\t\t\t<span class=\"field-image-option__label\" data-wp-text=\"context.image.label\" data-wp-bind--hidden=\"!context.image.label\"><\/span>\n\t\t\t\t\t\t\t\t\t<\/div>\n\t\t\t\t\t\t\t\t<\/div>\n\t\t\t\t\t\t\t<\/template>\n\t\t\t\t\t\t<\/div>\n\t\t\t\t\t\t<div class=\"field-files\" data-wp-bind--hidden=\"!context.submission.files\">\n\t\t\t\t\t\t\t<template data-wp-each--file=\"context.submission.files\">\n\t\t\t\t\t\t\t\t<div class=\"field-file\">\n\t\t\t\t\t\t\t\t\t<div class=\"field-file__thumbnail\" data-wp-style--background-image=\"context.file.previewUrl\" data-wp-style--mask-image=\"context.file.iconUrl\" data-wp-bind--hidden=\"!context.file.hasPreview\"><\/div>\n\t\t\t\t\t\t\t\t\t<svg class=\"field-file__icon\" data-wp-bind--hidden=\"context.file.hasPreview\" width=\"20\" height=\"20\" viewBox=\"0 0 24 24\" fill=\"none\" xmlns=\"http:\/\/www.w3.org\/2000\/svg\" aria-hidden=\"true\">\n\t\t\t\t\t\t\t\t\t\t<path d=\"M14 2H6C4.9 2 4 2.9 4 4V20C4 21.1 4.89 22 5.99 22H18C19.1 22 20 21.1 20 20V8L14 2ZM18 20H6V4H13V9H18V20Z\" fill=\"currentColor\"\/>\n\t\t\t\t\t\t\t\t\t<\/svg>\n\t\t\t\t\t\t\t\t\t<span class=\"field-file__name\" data-wp-text=\"context.file.name\"><\/span>\n\t\t\t\t\t\t\t\t\t<span class=\"field-file__size\" data-wp-text=\"context.file.size\"><\/span>\n\t\t\t\t\t\t\t\t<\/div>\n\t\t\t\t\t\t\t<\/template>\n\t\t\t\t\t\t<\/div>\n\t\t\t\t\t<\/div>\n\t\t\t\t<\/template><\/div><form action='https:\/\/lodz.wordcamp.org\/2019\/zostan-patronem-wordcamp-lodz-2019\/'\n\t\t\t\tid='jp-form-55927eb55624d254f7b9f44638fe71e94addd697'\n\t\t\t\tmethod='post'\n\t\t\t\tclass='contact-form commentsblock' aria-label=\"Zosta\u0144 patronem WordCamp \u0141\u00f3d\u017a 2019\"\n\t\t\t\tdata-wp-on--submit=\"actions.onFormSubmit\"\n\t\t\t\tdata-wp-on--reset=\"actions.onFormReset\"\n\t\t\t\tdata-wp-class--submission-success=\"context.submissionSuccess\"\n\t\t\t\tdata-wp-class--is-first-step=\"state.isFirstStep\"\n\t\t\t\tdata-wp-class--is-last-step=\"state.isLastStep\"\n\t\t\t\tdata-wp-class--is-ajax-form=\"context.useAjax\"\n\t\t\t\tnovalidate >\n<input type='hidden' name='jetpack_contact_form_jwt' value='eyJ0eXAiOiJKV1QiLCJhbGciOiJIUzI1NiJ9.eyJlbmNyeXB0ZWRfYXR0cmlidXRlcyI6ImM0YzRpa3BaWnI1R2dLa3kwUjkwODh5MUQ1RHV5UmhJNHZvUmY1eDRtM3VHN3V3WjVYa1FRYlI5RDBSNUZXMGhudVBBS0hvejArSGIrc21LR0hzQWtGZCtIRnV3ZlR0SGJUVTZwL3ptL1RXempNamQvaHNWcWFEU2NzbGl5dEl0R01YSitnY2FXcGxTdWhrV2w1empvYmloSklvcityM2tjR3NLclh4ZzlZd2NLbzVKU1ZYYTQ5ZXBOZ1VUYUdtRW5sQThsNGdPd1NJZkFJUlR2ampHeFZhUllRQTllbjYyREZneHR6ZUtjYkw4K2x2SHJwOHdyVURkZVZSczJEeXc4d0NJektaOGNEK0ZyVmd6Yi9VQXhsb0FaQUxXanUwMzZvUmtSWGJ6bzRyQU9qaXo2cjlObzdlQWRvUURRdWJtSjd0ZFAwaXlEeHphSkovMTkyNm95aGhUbWY3ajI5TzQ1aE8vOENTckwyRUZtZU5zcmE0Sm5UZm56Ri9DczJPN2kyV3JqK3huMGdrbm5Zb2lTd2ZrcWNhcm1mc2ZDQ1cwUTZEWUNsWHZYbEZhQXcrQzdkanBHTnlHTlExMXNGbzIrMkZ2ZkRUbHZkbEhtK2NibjBOSDdabVhwekNJVWQ4aU45ZWRDbHFZZTh1RHoxcUJVTjhsb3cweDliMlZHR2E5VE9tUENLM1hkbFZlRWZYOWN5SVY4bVc5dldlRkF1UVMrMlpINHpQQ2lCTk9EMHBFNlBEUTF2bXkzSDR0aXY3N0libk1GL3YzNUQ3V3VPUkN1YmhoeCtkY21tTkNWNVkrTGNhV3FjWDg3QzJ1di9UNFdwMHkxcStZa1N4eUFEU09zOUY2ekROY09WNmhkQ3pPY0hHMVpTQXROMjNRMlM2elpLUWdEU2FaQVJOVjk4UmNQZWNMMDdkcDd0Ymk2OTFUcHVRUENFL2lWU0VHTjB2NDJVdDRQMkxIbkMycFVpdUVmRDBtU2syMHNITVdHcSt0QUV5RXZpbHZjZWgxMWtNOHB0eER4by9OZmJscXlWRTlNNUZxbitjNW8yRW01dkUwb2FINXd0cGxwNkcyZDEvb0FtTWtZOGJwMmNBZitIclVibVBCWDM4aUJONHVsY2tKcjQ4ZS9DOGNFMnk3RnpaUmVka2hYWnNKSzg0c3lHS015RGFIb2h1RXBVM1ZOZ1BidS9OL1ZaR0ZheGZqb2JJME10TFdGeEtySG4wdlhNeTZDa1dIWmh1enY0UVJLQT09IiwiY29udGVudCI6IlxuW2NvbnRhY3QtZmllbGQgbGFiZWw9XCJUd29qZSBpbWlcdTAxMTkgaSBuYXp3aXNrbzpcIiByZXF1aXJlZD1cIjFcIiB0eXBlPVwibmFtZVwiL11cblxuW2NvbnRhY3QtZmllbGQgbGFiZWw9XCJBZHJlcyBlbWFpbDpcIiByZXF1aXJlZD1cIjFcIiB0eXBlPVwiZW1haWxcIi9dXG5cbltjb250YWN0LWZpZWxkIGxhYmVsPVwiTGluayBkbyBUd29qZWogc3Ryb255OlwiIHJlcXVpcmVkPVwiMVwiIHR5cGU9XCJ1cmxcIi9dXG5cbltjb250YWN0LWZpZWxkIGxhYmVsPVwiVXdhZ2k6XCIgdHlwZT1cInRleHRhcmVhXCIvXVxuXG5bY29udGFjdC1maWVsZCBsYWJlbD1cIld5cmFcdTAxN2NhbSB6Z29kXHUwMTE5IG5hIHByemV0d2FyemFuaWUgcHJ6ZXogb3JnYW5pemF0b3JcdTAwZjN3IFdvcmRDYW1wIFx1MDE0MVx1MDBmM2RcdTAxN2EgMjAxOSBkYW55Y2ggb3NvYm93eWNoIHphd2FydHljaCB3IGZvcm11bGFyenUga29udGFrdG93eW0gdyBjZWx1IG9kcG93aWVkemkgbmEgbW9qZSB6Z1x1MDE0Mm9zemVuaWUuXCIgcmVxdWlyZWQ9XCIxXCIgdHlwZT1cImNoZWNrYm94XCIvXVxuXG5cbjxwPjwvcD5cblxuXG5cbjxwPjwvcD5cblxuIiwiaGFzaCI6IjU1OTI3ZWI1NTYyNGQyNTRmN2I5ZjQ0NjM4ZmU3MWU5NGFkZGQ2OTciLCJzb3VyY2UiOnsiZW50cnlfdGl0bGUiOiJab3N0YVx1MDE0NCBwYXRyb25lbSBXb3JkQ2FtcCBcdTAxNDFcdTAwZjNkXHUwMTdhIDIwMTkiLCJlbnRyeV9wYWdlIjoxLCJzb3VyY2VfaWQiOjQzNywic291cmNlX3R5cGUiOiJzaW5nbGUiLCJyZXF1ZXN0X3VybCI6Imh0dHBzOi8vbG9kei53b3JkY2FtcC5vcmcvMjAxOS93cC1qc29uL3dwL3YyL3BhZ2VzLzQzNyJ9LCJ2ZXJzaW9uIjoyLCJjaXBoZXIiOiJhZXMtMjU2LWdjbSJ9.9k_jfsLM8AnPR5_sMgS859F3qiDxLeftPHTABDBItqs' \/>\n\n\n<div style=\"\"  data-wp-interactive=\"jetpack\/form\" data-wp-context='{\"fieldId\":\"g437-twojeimiinazwisko\",\"fieldType\":\"name\",\"fieldLabel\":\"Twoje imi\\u0119 i nazwisko:\",\"fieldValue\":\"\",\"fieldPlaceholder\":\"\",\"fieldIsRequired\":\"1\",\"fieldErrorMessage\":\"\",\"fieldExtra\":[],\"formHash\":\"55927eb55624d254f7b9f44638fe71e94addd697\"}'  class='grunion-field-name-wrap grunion-field-wrap'  data-wp-init='callbacks.initializeField' data-wp-on--jetpack-form-reset='callbacks.initializeField' >\n<label\n\t\t\t\tfor='g437-twojeimiinazwisko' class=\"grunion-field-label name\" >Twoje imi\u0119 i nazwisko:<span class=\"grunion-label-required\" aria-hidden=\"true\">(required)<\/span><\/label>\n<input\n\t\t\t\t\ttype='text'\n\t\t\t\t\tname='g437-twojeimiinazwisko'\n\t\t\t\t\tid='g437-twojeimiinazwisko'\n\t\t\t\t\tvalue=''\n\n\t\t\t\t\tdata-wp-bind--aria-invalid='state.fieldAriaInvalid'\n\t\t\t\t\tdata-wp-bind--value='state.getFieldValue'\n\t\t\t\t\taria-describedby='g437-twojeimiinazwisko-text-error-message'\n\t\t\t\t\tdata-wp-on--input='actions.onFieldChange'\n\t\t\t\t\tdata-wp-on--blur='actions.onFieldBlur'\n\t\t\t\t\tdata-wp-class--has-value='state.hasFieldValue'\n\n\t\t\t\t\tclass='name  grunion-field' \n\t\t\t\t\trequired='true' aria-required='true'  \/>\n \n\t\t\t<div id=\"g437-twojeimiinazwisko-text-error\" class=\"contact-form__input-error\" data-wp-class--has-errors=\"state.fieldHasErrors\">\n\t\t\t\t<span class=\"contact-form__warning-icon\" aria-hidden=\"true\">\n\t\t\t\t\t<svg width=\"16\" height=\"16\" viewBox=\"0 0 16 16\" fill=\"none\" xmlns=\"http:\/\/www.w3.org\/2000\/svg\">\n\t\t\t\t\t\t<path d=\"M8.50015 11.6402H7.50015V10.6402H8.50015V11.6402Z\" \/>\n\t\t\t\t\t\t<path d=\"M7.50015 9.64018H8.50015V6.30684H7.50015V9.64018Z\" \/>\n\t\t\t\t\t\t<path fill-rule=\"evenodd\" clip-rule=\"evenodd\" d=\"M6.98331 3.0947C7.42933 2.30177 8.57096 2.30177 9.01698 3.09469L13.8771 11.7349C14.3145 12.5126 13.7525 13.4735 12.8602 13.4735H3.14004C2.24774 13.4735 1.68575 12.5126 2.12321 11.7349L6.98331 3.0947ZM8.14541 3.58496C8.08169 3.47168 7.9186 3.47168 7.85488 3.58496L2.99478 12.2251C2.93229 12.3362 3.01257 12.4735 3.14004 12.4735H12.8602C12.9877 12.4735 13.068 12.3362 13.0055 12.2251L8.14541 3.58496Z\" \/>\n\t\t\t\t\t<\/svg>\n\t\t\t\t<\/span>\n\t\t\t\t<span data-wp-text=\"state.errorMessage\" id=\"g437-twojeimiinazwisko-text-error-message\"><\/span>\n\t\t\t<\/div> \n\t<\/div>\n\n\n\n<div style=\"\"  data-wp-interactive=\"jetpack\/form\" data-wp-context='{\"fieldId\":\"g437-adresemail\",\"fieldType\":\"email\",\"fieldLabel\":\"Adres email:\",\"fieldValue\":\"\",\"fieldPlaceholder\":\"\",\"fieldIsRequired\":\"1\",\"fieldErrorMessage\":\"\",\"fieldExtra\":[],\"formHash\":\"55927eb55624d254f7b9f44638fe71e94addd697\"}'  class='grunion-field-email-wrap grunion-field-wrap'  data-wp-init='callbacks.initializeField' data-wp-on--jetpack-form-reset='callbacks.initializeField' >\n<label\n\t\t\t\tfor='g437-adresemail' class=\"grunion-field-label email\" >Adres email:<span class=\"grunion-label-required\" aria-hidden=\"true\">(required)<\/span><\/label>\n<input\n\t\t\t\t\ttype='email'\n\t\t\t\t\tname='g437-adresemail'\n\t\t\t\t\tid='g437-adresemail'\n\t\t\t\t\tvalue=''\n\n\t\t\t\t\tdata-wp-bind--aria-invalid='state.fieldAriaInvalid'\n\t\t\t\t\tdata-wp-bind--value='state.getFieldValue'\n\t\t\t\t\taria-describedby='g437-adresemail-email-error-message'\n\t\t\t\t\tdata-wp-on--input='actions.onFieldChange'\n\t\t\t\t\tdata-wp-on--blur='actions.onFieldBlur'\n\t\t\t\t\tdata-wp-class--has-value='state.hasFieldValue'\n\n\t\t\t\t\tclass='email  grunion-field' \n\t\t\t\t\trequired='true' aria-required='true'  \/>\n \n\t\t\t<div id=\"g437-adresemail-email-error\" class=\"contact-form__input-error\" data-wp-class--has-errors=\"state.fieldHasErrors\">\n\t\t\t\t<span class=\"contact-form__warning-icon\" aria-hidden=\"true\">\n\t\t\t\t\t<svg width=\"16\" height=\"16\" viewBox=\"0 0 16 16\" fill=\"none\" xmlns=\"http:\/\/www.w3.org\/2000\/svg\">\n\t\t\t\t\t\t<path d=\"M8.50015 11.6402H7.50015V10.6402H8.50015V11.6402Z\" \/>\n\t\t\t\t\t\t<path d=\"M7.50015 9.64018H8.50015V6.30684H7.50015V9.64018Z\" \/>\n\t\t\t\t\t\t<path fill-rule=\"evenodd\" clip-rule=\"evenodd\" d=\"M6.98331 3.0947C7.42933 2.30177 8.57096 2.30177 9.01698 3.09469L13.8771 11.7349C14.3145 12.5126 13.7525 13.4735 12.8602 13.4735H3.14004C2.24774 13.4735 1.68575 12.5126 2.12321 11.7349L6.98331 3.0947ZM8.14541 3.58496C8.08169 3.47168 7.9186 3.47168 7.85488 3.58496L2.99478 12.2251C2.93229 12.3362 3.01257 12.4735 3.14004 12.4735H12.8602C12.9877 12.4735 13.068 12.3362 13.0055 12.2251L8.14541 3.58496Z\" \/>\n\t\t\t\t\t<\/svg>\n\t\t\t\t<\/span>\n\t\t\t\t<span data-wp-text=\"state.errorMessage\" id=\"g437-adresemail-email-error-message\"><\/span>\n\t\t\t<\/div> \n\t<\/div>\n\n\n\n<div style=\"\"  data-wp-interactive=\"jetpack\/form\" data-wp-context='{\"fieldId\":\"g437-linkdotwojejstrony\",\"fieldType\":\"url\",\"fieldLabel\":\"Link do Twojej strony:\",\"fieldValue\":\"\",\"fieldPlaceholder\":\"\",\"fieldIsRequired\":\"1\",\"fieldErrorMessage\":\"\",\"fieldExtra\":[],\"formHash\":\"55927eb55624d254f7b9f44638fe71e94addd697\"}'  class='grunion-field-url-wrap grunion-field-wrap'  data-wp-init='callbacks.initializeField' data-wp-on--jetpack-form-reset='callbacks.initializeField' >\n<label\n\t\t\t\tfor='g437-linkdotwojejstrony' class=\"grunion-field-label url\" >Link do Twojej strony:<span class=\"grunion-label-required\" aria-hidden=\"true\">(required)<\/span><\/label>\n<input\n\t\t\t\t\ttype='text'\n\t\t\t\t\tname='g437-linkdotwojejstrony'\n\t\t\t\t\tid='g437-linkdotwojejstrony'\n\t\t\t\t\tvalue=''\n\n\t\t\t\t\tdata-wp-bind--aria-invalid='state.fieldAriaInvalid'\n\t\t\t\t\tdata-wp-bind--value='state.getFieldValue'\n\t\t\t\t\taria-describedby='g437-linkdotwojejstrony-text-error-message'\n\t\t\t\t\tdata-wp-on--input='actions.onFieldChange'\n\t\t\t\t\tdata-wp-on--blur='actions.onFieldBlur'\n\t\t\t\t\tdata-wp-class--has-value='state.hasFieldValue'\n\n\t\t\t\t\tclass='url  grunion-field' \n\t\t\t\t\trequired='true' aria-required='true'  \/>\n \n\t\t\t<div id=\"g437-linkdotwojejstrony-text-error\" class=\"contact-form__input-error\" data-wp-class--has-errors=\"state.fieldHasErrors\">\n\t\t\t\t<span class=\"contact-form__warning-icon\" aria-hidden=\"true\">\n\t\t\t\t\t<svg width=\"16\" height=\"16\" viewBox=\"0 0 16 16\" fill=\"none\" xmlns=\"http:\/\/www.w3.org\/2000\/svg\">\n\t\t\t\t\t\t<path d=\"M8.50015 11.6402H7.50015V10.6402H8.50015V11.6402Z\" \/>\n\t\t\t\t\t\t<path d=\"M7.50015 9.64018H8.50015V6.30684H7.50015V9.64018Z\" \/>\n\t\t\t\t\t\t<path fill-rule=\"evenodd\" clip-rule=\"evenodd\" d=\"M6.98331 3.0947C7.42933 2.30177 8.57096 2.30177 9.01698 3.09469L13.8771 11.7349C14.3145 12.5126 13.7525 13.4735 12.8602 13.4735H3.14004C2.24774 13.4735 1.68575 12.5126 2.12321 11.7349L6.98331 3.0947ZM8.14541 3.58496C8.08169 3.47168 7.9186 3.47168 7.85488 3.58496L2.99478 12.2251C2.93229 12.3362 3.01257 12.4735 3.14004 12.4735H12.8602C12.9877 12.4735 13.068 12.3362 13.0055 12.2251L8.14541 3.58496Z\" \/>\n\t\t\t\t\t<\/svg>\n\t\t\t\t<\/span>\n\t\t\t\t<span data-wp-text=\"state.errorMessage\" id=\"g437-linkdotwojejstrony-text-error-message\"><\/span>\n\t\t\t<\/div> \n\t<\/div>\n\n\n\n<div style=\"\"  data-wp-interactive=\"jetpack\/form\" data-wp-context='{\"fieldId\":\"g437-uwagi\",\"fieldType\":\"textarea\",\"fieldLabel\":\"Uwagi:\",\"fieldValue\":\"\",\"fieldPlaceholder\":\"\",\"fieldIsRequired\":\"\",\"fieldErrorMessage\":\"\",\"fieldExtra\":[],\"formHash\":\"55927eb55624d254f7b9f44638fe71e94addd697\"}'  class='grunion-field-textarea-wrap grunion-field-wrap'  data-wp-init='callbacks.initializeField' data-wp-on--jetpack-form-reset='callbacks.initializeField' >\n<label\n\t\t\t\tfor='contact-form-comment-g437-uwagi' class=\"grunion-field-label textarea\" >Uwagi:<\/label>\n<textarea\n\t\t                style=''\n\t\t                name='g437-uwagi'\n\t\t                id='contact-form-comment-g437-uwagi'\n\t\t                rows='20'\n\t\t\t\t\t\tdata-wp-text='state.getFieldValue'\n\t\t\t\t\t\tdata-wp-on--input='actions.onFieldChange'\n\t\t\t\t\t\tdata-wp-on--blur='actions.onFieldBlur'\n\t\t\t\t\t\tdata-wp-class--has-value='state.hasFieldValue'\n\t\t\t\t\t\taria-describedby='g437-uwagi-textarea-error-message'\n\t\t\t\t\t\tdata-wp-bind--aria-invalid='state.fieldAriaInvalid'\n\t\t\t\t\t\tclass='textarea  grunion-field'  ><\/textarea>\n \n\t\t\t<div id=\"g437-uwagi-textarea-error\" class=\"contact-form__input-error\" data-wp-class--has-errors=\"state.fieldHasErrors\">\n\t\t\t\t<span class=\"contact-form__warning-icon\" aria-hidden=\"true\">\n\t\t\t\t\t<svg width=\"16\" height=\"16\" viewBox=\"0 0 16 16\" fill=\"none\" xmlns=\"http:\/\/www.w3.org\/2000\/svg\">\n\t\t\t\t\t\t<path d=\"M8.50015 11.6402H7.50015V10.6402H8.50015V11.6402Z\" \/>\n\t\t\t\t\t\t<path d=\"M7.50015 9.64018H8.50015V6.30684H7.50015V9.64018Z\" \/>\n\t\t\t\t\t\t<path fill-rule=\"evenodd\" clip-rule=\"evenodd\" d=\"M6.98331 3.0947C7.42933 2.30177 8.57096 2.30177 9.01698 3.09469L13.8771 11.7349C14.3145 12.5126 13.7525 13.4735 12.8602 13.4735H3.14004C2.24774 13.4735 1.68575 12.5126 2.12321 11.7349L6.98331 3.0947ZM8.14541 3.58496C8.08169 3.47168 7.9186 3.47168 7.85488 3.58496L2.99478 12.2251C2.93229 12.3362 3.01257 12.4735 3.14004 12.4735H12.8602C12.9877 12.4735 13.068 12.3362 13.0055 12.2251L8.14541 3.58496Z\" \/>\n\t\t\t\t\t<\/svg>\n\t\t\t\t<\/span>\n\t\t\t\t<span data-wp-text=\"state.errorMessage\" id=\"g437-uwagi-textarea-error-message\"><\/span>\n\t\t\t<\/div>\n\t<\/div>\n\n\n\n<div style=\"\"  data-wp-interactive=\"jetpack\/form\" data-wp-context='{\"fieldId\":\"g437-wyraamzgodnaprzetwarzanieprzezorganizatorwwordcampd2019danychosobowychzawartychwformularzukontaktowymwceluodpowiedzinamojezgoszenie\",\"fieldType\":\"checkbox\",\"fieldLabel\":\"Wyra\\u017cam zgod\\u0119 na przetwarzanie przez organizator\\u00f3w WordCamp \\u0141\\u00f3d\\u017a 2019 danych osobowych zawartych w formularzu kontaktowym w celu odpowiedzi na moje zg\\u0142oszenie.\",\"fieldValue\":\"\",\"fieldPlaceholder\":\"\",\"fieldIsRequired\":\"1\",\"fieldErrorMessage\":\"\",\"fieldExtra\":[],\"formHash\":\"55927eb55624d254f7b9f44638fe71e94addd697\"}'  class='grunion-field-checkbox-wrap grunion-field-wrap'  data-wp-init='callbacks.initializeField' data-wp-on--jetpack-form-reset='callbacks.initializeField' >\n<div class='contact-form__checkbox-wrap' style='' ><input id='g437-wyraamzgodnaprzetwarzanieprzezorganizatorwwordcampd2019danychosobowychzawartychwformularzukontaktowymwceluodpowiedzinamojezgoszenie' type='checkbox' data-wp-on--change='actions.onFieldChange' name='g437-wyraamzgodnaprzetwarzanieprzezorganizatorwwordcampd2019danychosobowychzawartychwformularzukontaktowymwceluodpowiedzinamojezgoszenie' value='Yes' class='checkbox  grunion-field'  required aria-required='true'\/> \n<label for='g437-wyraamzgodnaprzetwarzanieprzezorganizatorwwordcampd2019danychosobowychzawartychwformularzukontaktowymwceluodpowiedzinamojezgoszenie' class='grunion-field-label checkbox' style=''>Wyra\u017cam zgod\u0119 na przetwarzanie przez organizator\u00f3w WordCamp \u0141\u00f3d\u017a 2019 danych osobowych zawartych w formularzu kontaktowym w celu odpowiedzi na moje zg\u0142oszenie.<span class=\"grunion-label-required\" aria-hidden=\"true\">(required)<\/span><\/label>\n<div class='clear-form'><\/div>\n<\/div>\n\t\t\t<div id=\"g437-wyraamzgodnaprzetwarzanieprzezorganizatorwwordcampd2019danychosobowychzawartychwformularzukontaktowymwceluodpowiedzinamojezgoszenie-checkbox-error\" class=\"contact-form__input-error\" data-wp-class--has-errors=\"state.fieldHasErrors\">\n\t\t\t\t<span class=\"contact-form__warning-icon\" aria-hidden=\"true\">\n\t\t\t\t\t<svg width=\"16\" height=\"16\" viewBox=\"0 0 16 16\" fill=\"none\" xmlns=\"http:\/\/www.w3.org\/2000\/svg\">\n\t\t\t\t\t\t<path d=\"M8.50015 11.6402H7.50015V10.6402H8.50015V11.6402Z\" \/>\n\t\t\t\t\t\t<path d=\"M7.50015 9.64018H8.50015V6.30684H7.50015V9.64018Z\" \/>\n\t\t\t\t\t\t<path fill-rule=\"evenodd\" clip-rule=\"evenodd\" d=\"M6.98331 3.0947C7.42933 2.30177 8.57096 2.30177 9.01698 3.09469L13.8771 11.7349C14.3145 12.5126 13.7525 13.4735 12.8602 13.4735H3.14004C2.24774 13.4735 1.68575 12.5126 2.12321 11.7349L6.98331 3.0947ZM8.14541 3.58496C8.08169 3.47168 7.9186 3.47168 7.85488 3.58496L2.99478 12.2251C2.93229 12.3362 3.01257 12.4735 3.14004 12.4735H12.8602C12.9877 12.4735 13.068 12.3362 13.0055 12.2251L8.14541 3.58496Z\" \/>\n\t\t\t\t\t<\/svg>\n\t\t\t\t<\/span>\n\t\t\t\t<span data-wp-text=\"state.errorMessage\" id=\"g437-wyraamzgodnaprzetwarzanieprzezorganizatorwwordcampd2019danychosobowychzawartychwformularzukontaktowymwceluodpowiedzinamojezgoszenie-checkbox-error-message\"><\/span>\n\t\t\t<\/div>\t<\/div>\n\n\n\n<p><\/p>\n\n\n\n<p><\/p>\n\n\t<p class='contact-submit'>\n<div class=\"contact-form__error\" data-wp-class--show-errors=\"state.showFormErrors\"><span class=\"contact-form__warning-icon\" aria-hidden=\"true\"><i><\/i><\/span><span class=\"contact-form__error-message\" tabindex=\"-1\" data-wp-watch=\"callbacks.focusOnValidationError\" data-wp-text=\"state.getFormErrorMessage\"><\/span><ul aria-label=\"Form errors\">\n\t\t\t\t<template data-wp-each=\"state.getErrorList\" data-wp-key=\"context.item.id\">\n\t\t\t\t\t<li><a data-wp-bind--href=\"context.item.anchor\" data-wp-on--click=\"actions.scrollIntoView\" data-wp-text=\"context.item.label\"><\/a><\/li>\n\t\t\t\t<\/template>\n\t\t\t\t<\/ul><\/div><div class=\"contact-form__error\" data-wp-class--show-errors=\"state.showSubmissionError\" data-wp-text=\"context.submissionError\" tabindex=\"-1\" data-wp-watch=\"callbacks.focusOnSubmissionError\"><\/div>\t\t<button type='submit' class='pushbutton-wide'>Submit<\/button>\t\t<input type='hidden' name='contact-form-id' value='437' \/>\n\t\t<input type='hidden' name='action' value='grunion-contact-form' \/>\n\t\t<input type='hidden' name='contact-form-hash' value='55927eb55624d254f7b9f44638fe71e94addd697' \/>\n\t<\/p>\n<p style=\"display: none !important;\" class=\"akismet-fields-container\" data-prefix=\"ak_\"><label>&#916;<textarea name=\"ak_hp_textarea\" cols=\"45\" rows=\"8\" maxlength=\"100\"><\/textarea><\/label><input type=\"hidden\" id=\"ak_js_1\" name=\"ak_js\" value=\"233\"\/><script type=\"text\/javascript\">\n\/* <![CDATA[ *\/\ndocument.getElementById( \"ak_js_1\" ).setAttribute( \"value\", ( new Date() ).getTime() );\n\/* ]]> *\/\n<\/script>\n<\/p><\/form>\n<\/div>\n\n\n<h2 class=\"wp-block-heading\">Pobierz BrandPack<\/h2>\n\n\n\n<p>Poni\u017cej znajduje si\u0119 folder z podstawowymi materia\u0142ami reklamowymi (logotypem, bannerami w kilku podstawowych rozmiarach, materia\u0142y na social media oraz opis konferencji):<\/p>\n\n\n\n<div class=\"wp-block-button\"><a class=\"wp-block-button__link\" href=\"https:\/\/drive.google.com\/drive\/folders\/1WLHIgGU4_RWBvboPXklUdJ1YKNNadiqv?usp=sharing\">Pobierz BrandPack<\/a><\/div>\n","protected":false},"excerpt":{"rendered":"<p>Zale\u017cy nam na kompleksowym dotarciu do wielu potencjalnych uczestnik\u00f3w WordCampa, dlatego og\u0142aszamy nab\u00f3r na patron\u00f3w tegorocznego eventu. Je\u017celi prowadzisz ciekawy blog, serwis informacyjny lub podcast zg\u0142o\u015b si\u0119 do nas! Ch\u0119tnie nawi\u0105\u017cemy z Tob\u0105 wsp\u00f3\u0142prac\u0119 w postaci patronatu medialnego! Informuj o naszej konferencji na bie\u017c\u0105co w swoim serwisie a w zamian zagwarantujemy Ci: link na tej &hellip; <a href=\"https:\/\/lodz.wordcamp.org\/2019\/zostan-patronem-wordcamp-lodz-2019\/\" class=\"more-link\">Czytaj dalej<span class=\"screen-reader-text\"> \u201eZosta\u0144 patronem WordCamp \u0141\u00f3d\u017a 2019\u201d<\/span><\/a><\/p>\n","protected":false},"author":13842562,"featured_media":0,"parent":0,"menu_order":0,"comment_status":"closed","ping_status":"closed","template":"","meta":{"jetpack_post_was_ever_published":false,"footnotes":""},"class_list":["post-437","page","type-page","status-publish","hentry"],"jetpack_sharing_enabled":true,"jetpack_shortlink":"https:\/\/wp.me\/PaUnkX-73","_links":{"self":[{"href":"https:\/\/lodz.wordcamp.org\/2019\/wp-json\/wp\/v2\/pages\/437","targetHints":{"allow":["GET"]}}],"collection":[{"href":"https:\/\/lodz.wordcamp.org\/2019\/wp-json\/wp\/v2\/pages"}],"about":[{"href":"https:\/\/lodz.wordcamp.org\/2019\/wp-json\/wp\/v2\/types\/page"}],"author":[{"embeddable":true,"href":"https:\/\/lodz.wordcamp.org\/2019\/wp-json\/wp\/v2\/users\/13842562"}],"replies":[{"embeddable":true,"href":"https:\/\/lodz.wordcamp.org\/2019\/wp-json\/wp\/v2\/comments?post=437"}],"version-history":[{"count":5,"href":"https:\/\/lodz.wordcamp.org\/2019\/wp-json\/wp\/v2\/pages\/437\/revisions"}],"predecessor-version":[{"id":503,"href":"https:\/\/lodz.wordcamp.org\/2019\/wp-json\/wp\/v2\/pages\/437\/revisions\/503"}],"wp:attachment":[{"href":"https:\/\/lodz.wordcamp.org\/2019\/wp-json\/wp\/v2\/media?parent=437"}],"curies":[{"name":"wp","href":"https:\/\/api.w.org\/{rel}","templated":true}]}}