{"id":305,"date":"2019-06-20T10:17:41","date_gmt":"2019-06-20T10:17:41","guid":{"rendered":"https:\/\/2019.lodz.wordcamp.org\/?page_id=305"},"modified":"2019-06-20T12:17:34","modified_gmt":"2019-06-20T12:17:34","slug":"middle-party","status":"publish","type":"page","link":"https:\/\/lodz.wordcamp.org\/2019\/middle-party\/","title":{"rendered":"Middle Party"},"content":{"rendered":"\n<figure class=\"wp-block-image\"><img loading=\"lazy\" decoding=\"async\" width=\"1024\" height=\"513\" src=\"https:\/\/2019.lodz.wordcamp.org\/files\/2019\/06\/middleparty-1024x513.jpg\" alt=\"\" class=\"wp-image-308\" srcset=\"https:\/\/lodz.wordcamp.org\/2019\/files\/2019\/06\/middleparty-1024x513.jpg 1024w, https:\/\/lodz.wordcamp.org\/2019\/files\/2019\/06\/middleparty-300x150.jpg 300w, https:\/\/lodz.wordcamp.org\/2019\/files\/2019\/06\/middleparty-768x385.jpg 768w, https:\/\/lodz.wordcamp.org\/2019\/files\/2019\/06\/middleparty-500x250.jpg 500w, https:\/\/lodz.wordcamp.org\/2019\/files\/2019\/06\/middleparty.jpg 1200w\" sizes=\"auto, (max-width: 1024px) 100vw, 1024px\" \/><\/figure>\n\n\n\n<p>Po bardzo intensywnym i bogatym w prelekcje pierwszym dniu konferencji (23 listopada) zapraszamy Was serdecznie do udzia\u0142u w Middle Party. Do Was dyspozycji b\u0119dzie specjalna imprezowa strefa w <a href=\"https:\/\/2019.lodz.wordcamp.org\/lokalizacja\/\">Hotelu Ambasador Premium<\/a>.<\/p>\n\n\n\n<p>Gwarantujemy \u015bwietn\u0105 zabaw\u0119 przy muzyce, spokojne miejsce do rozm\u00f3w i&#8230; potrzymamy Was jeszcze w ma\u0142ej niepewno\u015bci \ud83d\ude42 Szczeg\u00f3\u0142y udost\u0119pnimy dla Was ju\u017c niebawem! B\u0105d\u017acie czujni!<\/p>\n\n\n\n<figure class=\"wp-block-image\"><img loading=\"lazy\" decoding=\"async\" width=\"1024\" height=\"681\" src=\"https:\/\/2019.lodz.wordcamp.org\/files\/2019\/06\/21319094_1957036991213361_4299526969373511849_o-1-1024x681.jpg\" alt=\"\" class=\"wp-image-306\" srcset=\"https:\/\/lodz.wordcamp.org\/2019\/files\/2019\/06\/21319094_1957036991213361_4299526969373511849_o-1-1024x681.jpg 1024w, https:\/\/lodz.wordcamp.org\/2019\/files\/2019\/06\/21319094_1957036991213361_4299526969373511849_o-1-300x200.jpg 300w, https:\/\/lodz.wordcamp.org\/2019\/files\/2019\/06\/21319094_1957036991213361_4299526969373511849_o-1-768x511.jpg 768w, https:\/\/lodz.wordcamp.org\/2019\/files\/2019\/06\/21319094_1957036991213361_4299526969373511849_o-1-451x300.jpg 451w, https:\/\/lodz.wordcamp.org\/2019\/files\/2019\/06\/21319094_1957036991213361_4299526969373511849_o-1.jpg 2048w\" sizes=\"auto, (max-width: 1024px) 100vw, 1024px\" \/><\/figure>\n","protected":false},"excerpt":{"rendered":"<p>Po bardzo intensywnym i bogatym w prelekcje pierwszym dniu konferencji (23 listopada) zapraszamy Was serdecznie do udzia\u0142u w Middle Party. Do Was dyspozycji b\u0119dzie specjalna imprezowa strefa w Hotelu Ambasador Premium. Gwarantujemy \u015bwietn\u0105 zabaw\u0119 przy muzyce, spokojne miejsce do rozm\u00f3w i&#8230; potrzymamy Was jeszcze w ma\u0142ej niepewno\u015bci \ud83d\ude42 Szczeg\u00f3\u0142y udost\u0119pnimy dla Was ju\u017c niebawem! B\u0105d\u017acie &hellip; <a href=\"https:\/\/lodz.wordcamp.org\/2019\/middle-party\/\" class=\"more-link\">Czytaj dalej<span class=\"screen-reader-text\"> \u201eMiddle Party\u201d<\/span><\/a><\/p>\n","protected":false},"author":13842562,"featured_media":0,"parent":0,"menu_order":0,"comment_status":"closed","ping_status":"closed","template":"","meta":{"jetpack_post_was_ever_published":false,"footnotes":""},"class_list":["post-305","page","type-page","status-publish","hentry"],"jetpack_sharing_enabled":true,"jetpack_shortlink":"https:\/\/wp.me\/PaUnkX-4V","_links":{"self":[{"href":"https:\/\/lodz.wordcamp.org\/2019\/wp-json\/wp\/v2\/pages\/305","targetHints":{"allow":["GET"]}}],"collection":[{"href":"https:\/\/lodz.wordcamp.org\/2019\/wp-json\/wp\/v2\/pages"}],"about":[{"href":"https:\/\/lodz.wordcamp.org\/2019\/wp-json\/wp\/v2\/types\/page"}],"author":[{"embeddable":true,"href":"https:\/\/lodz.wordcamp.org\/2019\/wp-json\/wp\/v2\/users\/13842562"}],"replies":[{"embeddable":true,"href":"https:\/\/lodz.wordcamp.org\/2019\/wp-json\/wp\/v2\/comments?post=305"}],"version-history":[{"count":2,"href":"https:\/\/lodz.wordcamp.org\/2019\/wp-json\/wp\/v2\/pages\/305\/revisions"}],"predecessor-version":[{"id":309,"href":"https:\/\/lodz.wordcamp.org\/2019\/wp-json\/wp\/v2\/pages\/305\/revisions\/309"}],"wp:attachment":[{"href":"https:\/\/lodz.wordcamp.org\/2019\/wp-json\/wp\/v2\/media?parent=305"}],"curies":[{"name":"wp","href":"https:\/\/api.w.org\/{rel}","templated":true}]}}